{"id":127,"date":"2026-02-17T11:23:10","date_gmt":"2026-02-17T10:23:10","guid":{"rendered":"http:\/\/kitnet.hu\/?page_id=127"},"modified":"2026-02-25T14:12:38","modified_gmt":"2026-02-25T13:12:38","slug":"kezdolap","status":"publish","type":"page","link":"https:\/\/kitnet.hu\/","title":{"rendered":"Kezd\u0151lap"},"content":{"rendered":"\n\n  <div class=\"banner has-hover hide-for-small\" id=\"banner-2053116750\">\n          <div class=\"banner-inner fill\">\n        <div class=\"banner-bg fill\" >\n            <div class=\"bg fill bg-fill \"><\/div>\n                        <div class=\"overlay\"><\/div>            \n                    <\/div>\n\t\t\n        <div class=\"banner-layers container\">\n            <div class=\"fill banner-link\"><\/div>            \n\n\n        <\/div>\n      <\/div>\n\n            \n<style>\n#banner-2053116750 {\n  padding-top: 939px;\n}\n#banner-2053116750 .bg.bg-loaded {\n  background-image: url(https:\/\/kitnet.hu\/wp-content\/uploads\/2026\/02\/631979972_2705907856475577_6052312742793912768_n.jpg);\n}\n#banner-2053116750 .overlay {\n  background-color: rgba(0,0,0,.5);\n}\n<\/style>\n  <\/div>\n\n\n\n  <div class=\"banner has-hover\" id=\"banner-293842561\">\n          <div class=\"banner-inner fill\">\n        <div class=\"banner-bg fill\" >\n            <div class=\"bg fill bg-fill \"><\/div>\n                                    \n                    <\/div>\n\t\t\n        <div class=\"banner-layers container\">\n            <div class=\"fill banner-link\"><\/div>            \n\n\n        <\/div>\n      <\/div>\n\n            \n<style>\n#banner-293842561 {\n  padding-top: 0.33px;\n  background-color: rgb(29, 55, 87);\n}\n<\/style>\n  <\/div>\n\n\n\n  <div class=\"banner has-hover show-for-medium\" id=\"banner-700953313\">\n          <div class=\"banner-inner fill\">\n        <div class=\"banner-bg fill\" >\n            <div class=\"bg fill bg-fill \"><\/div>\n                        <div class=\"overlay\"><\/div>            \n                    <\/div>\n\t\t\n        <div class=\"banner-layers container\">\n            <div class=\"fill banner-link\"><\/div>            \n\n\n        <\/div>\n      <\/div>\n\n            \n<style>\n#banner-700953313 {\n  padding-top: 731px;\n}\n#banner-700953313 .bg.bg-loaded {\n  background-image: url(https:\/\/kitnet.hu\/wp-content\/uploads\/2026\/02\/1000006870-1-e1771682656860.png);\n}\n#banner-700953313 .overlay {\n  background-color: rgba(0,0,0,.5);\n}\n@media (min-width:550px) {\n  #banner-700953313 {\n    padding-top: 882px;\n  }\n}\n<\/style>\n  <\/div>\n\n\n\n  <div class=\"banner has-hover\" id=\"banner-81246699\">\n          <div class=\"banner-inner fill\">\n        <div class=\"banner-bg fill\" >\n            <div class=\"bg fill bg-fill \"><\/div>\n                        <div class=\"overlay\"><\/div>            \n                    <\/div>\n\t\t\n        <div class=\"banner-layers container\">\n            <div class=\"fill banner-link\"><\/div>            \n\n   <div id=\"text-box-762606592\" class=\"text-box banner-layer x0 md-x0 lg-x0 y50 md-y50 lg-y50 res-text\">\n                                <div class=\"text-box-content text dark\">\n              \n              <div class=\"text-inner text-center\">\n                  \n\n\t<div id=\"text-1679096685\" class=\"text\">\n\t\t\n\n<h2 class=\"uppercase\"><strong>Internet<\/strong><\/h2>\n\t\t\n<style>\n#text-1679096685 {\n  font-size: 1.1rem;\n}\n<\/style>\n\t<\/div>\n\t\n<a href=\"https:\/\/kitnet.hu\/?page_id=21\" target=\"_self\" class=\"button white is-outline is-xlarge\"  >\n    <span>\u00c9rdekel!<\/span>\n  <\/a>\n\n\n\n              <\/div>\n           <\/div>\n                            \n<style>\n#text-box-762606592 {\n  width: 84%;\n}\n#text-box-762606592 .text-box-content {\n  font-size: 100%;\n}\n@media (min-width:550px) {\n  #text-box-762606592 {\n    width: 60%;\n  }\n}\n<\/style>\n    <\/div>\n \n\n        <\/div>\n      <\/div>\n\n            \n<style>\n#banner-81246699 {\n  padding-top: 400px;\n}\n#banner-81246699 .bg.bg-loaded {\n  background-image: url(https:\/\/kitnet.hu\/wp-content\/uploads\/2026\/02\/360_F_652857744_hsKmrKct8jbTTYh9c1uWOL3PIibU2K6g.jpg);\n}\n#banner-81246699 .overlay {\n  background-color: rgba(0,0,0,.5);\n}\n@media (min-width:550px) {\n  #banner-81246699 {\n    padding-top: 600px;\n  }\n}\n<\/style>\n  <\/div>\n\n\n\n  <div class=\"banner has-hover\" id=\"banner-2027189993\">\n          <div class=\"banner-inner fill\">\n        <div class=\"banner-bg fill\" >\n            <div class=\"bg fill bg-fill \"><\/div>\n                                    \n                    <\/div>\n\t\t\n        <div class=\"banner-layers container\">\n            <div class=\"fill banner-link\"><\/div>            \n\n\n        <\/div>\n      <\/div>\n\n            \n<style>\n#banner-2027189993 {\n  padding-top: 0.33px;\n  background-color: rgb(29, 55, 87);\n}\n<\/style>\n  <\/div>\n\n\n\n  <div class=\"banner has-hover\" id=\"banner-379409321\">\n          <div class=\"banner-inner fill\">\n        <div class=\"banner-bg fill\" >\n            <div class=\"bg fill bg-fill \"><\/div>\n                        <div class=\"overlay\"><\/div>            \n                    <\/div>\n\t\t\n        <div class=\"banner-layers container\">\n            <div class=\"fill banner-link\"><\/div>            \n\n   <div id=\"text-box-120841085\" class=\"text-box banner-layer x100 md-x100 lg-x100 y50 md-y50 lg-y50 res-text\">\n                                <div class=\"text-box-content text dark\">\n              \n              <div class=\"text-inner text-center\">\n                  \n\n\t<div id=\"text-3104752537\" class=\"text\">\n\t\t\n\n<h2 class=\"uppercase\"><strong>K\u00e1beltv<\/strong><\/h2>\n\t\t\n<style>\n#text-3104752537 {\n  font-size: 1.1rem;\n}\n<\/style>\n\t<\/div>\n\t\n<a href=\"https:\/\/kitnet.hu\/?page_id=23\" target=\"_self\" class=\"button white is-outline is-xlarge\"  >\n    <span>\u00c9rdekel!<\/span>\n  <\/a>\n\n\n\n              <\/div>\n           <\/div>\n                            \n<style>\n#text-box-120841085 {\n  width: 77%;\n}\n#text-box-120841085 .text-box-content {\n  font-size: 100%;\n}\n@media (min-width:550px) {\n  #text-box-120841085 {\n    width: 60%;\n  }\n}\n<\/style>\n    <\/div>\n \n\n        <\/div>\n      <\/div>\n\n            \n<style>\n#banner-379409321 {\n  padding-top: 400px;\n}\n#banner-379409321 .bg.bg-loaded {\n  background-image: url(https:\/\/kitnet.hu\/wp-content\/uploads\/2026\/02\/360_F_508876100_yXCWxWLZj4Xw4roFled3mjbj7utJFRGb.jpg);\n}\n#banner-379409321 .overlay {\n  background-color: rgba(0,0,0,.5);\n}\n@media (min-width:550px) {\n  #banner-379409321 {\n    padding-top: 600px;\n  }\n}\n<\/style>\n  <\/div>\n\n\n\t<section class=\"section\" id=\"section_1194769496\">\n\t\t<div class=\"bg section-bg fill bg-fill  bg-loaded\" >\n\n\t\t\t\n\t\t\t\n\t\t\t\n\n\t\t<\/div>\n\n\t\t\n\n\t\t<div class=\"section-content relative\">\n\t\t\t\n\n<div class=\"container section-title-container\" ><h2 class=\"section-title section-title-center\"><b><\/b><span class=\"section-title-main\" style=\"font-size:148%;color:rgb(255, 255, 255);\">H\u00edrk\u00f6zl\u00e9si h\u00e1l\u00f3zat \u00e9p\u00edt\u00e9s<\/span><b><\/b><\/h2><\/div>\n\n<div class=\"row\"  id=\"row-1875912564\">\n\n\n\t<div id=\"col-1012735070\" class=\"col small-12 large-12\"  >\n\t\t\t\t<div class=\"col-inner\"  >\n\t\t\t\n\t\t\t\n\n<div class=\"row\"  id=\"row-701325948\">\n\n\n\t<div id=\"col-314847106\" class=\"col medium-3 small-12 large-3\"  >\n\t\t\t\t<div class=\"col-inner\"  >\n\t\t\t\n\t\t\t\n\n\n\t\t<\/div>\n\t\t\t\t\t<\/div>\n\n\t\n\n\t<div id=\"col-312142661\" class=\"col medium-6 small-12 large-6\"  >\n\t\t\t\t<div class=\"col-inner\"  >\n\t\t\t\n\t\t\t\n\n\n  <div class=\"banner has-hover\" id=\"banner-1699837787\">\n          <div class=\"banner-inner fill\">\n        <div class=\"banner-bg fill\" >\n            <div class=\"bg fill bg-fill \"><\/div>\n                        <div class=\"overlay\"><\/div>            \n                    <\/div>\n\t\t\n        <div class=\"banner-layers container\">\n            <div class=\"fill banner-link\"><\/div>            \n\n   <div id=\"text-box-253244843\" class=\"text-box banner-layer x50 md-x50 lg-x50 y50 md-y50 lg-y50 res-text\">\n                                <div class=\"text-box-content text dark\">\n              \n              <div class=\"text-inner text-center\">\n                  \n\n<div class=\"container section-title-container\" ><h2 class=\"section-title section-title-center\"><b><\/b><span class=\"section-title-main\" style=\"font-size:148%;color:rgb(255, 255, 255);\">Gal\u00e9ria<\/span><b><\/b><\/h2><\/div>\n\n<a href=\"https:\/\/kitnet.hu\/?page_id=305\" target=\"_self\" class=\"button white is-outline is-xlarge\"  >\n    <span>\u00c9rdekel<\/span>\n  <\/a>\n\n\n\n              <\/div>\n           <\/div>\n                            \n<style>\n#text-box-253244843 {\n  width: 60%;\n}\n#text-box-253244843 .text-box-content {\n  font-size: 100%;\n}\n<\/style>\n    <\/div>\n \n\n        <\/div>\n      <\/div>\n\n            \n<style>\n#banner-1699837787 {\n  padding-top: 492px;\n}\n#banner-1699837787 .bg.bg-loaded {\n  background-image: url(https:\/\/kitnet.hu\/wp-content\/uploads\/2026\/02\/1000006892.png);\n}\n#banner-1699837787 .overlay {\n  background-color: rgba(0,0,0,.5);\n}\n<\/style>\n  <\/div>\n\n\n\n\t\t<\/div>\n\t\t\t\t\t<\/div>\n\n\t\n\n\t<div id=\"col-227704371\" class=\"col medium-3 small-12 large-3\"  >\n\t\t\t\t<div class=\"col-inner\"  >\n\t\t\t\n\t\t\t\n\n\n\t\t<\/div>\n\t\t\t\t\t<\/div>\n\n\t\n\n<\/div>\n\n\t\t<\/div>\n\t\t\t\t\t<\/div>\n\n\t\n\n<\/div>\n\n\t\t<\/div>\n\n\t\t\n<style>\n#section_1194769496 {\n  padding-top: 30px;\n  padding-bottom: 30px;\n  background-color: rgb(29, 55, 87);\n}\n<\/style>\n\t<\/section>\n\t\n\n","protected":false},"excerpt":{"rendered":"","protected":false},"author":1,"featured_media":0,"parent":0,"menu_order":0,"comment_status":"closed","ping_status":"closed","template":"page-transparent-header-light.php","meta":{"footnotes":""},"class_list":["post-127","page","type-page","status-publish","hentry"],"_links":{"self":[{"href":"https:\/\/kitnet.hu\/index.php?rest_route=\/wp\/v2\/pages\/127","targetHints":{"allow":["GET"]}}],"collection":[{"href":"https:\/\/kitnet.hu\/index.php?rest_route=\/wp\/v2\/pages"}],"about":[{"href":"https:\/\/kitnet.hu\/index.php?rest_route=\/wp\/v2\/types\/page"}],"author":[{"embeddable":true,"href":"https:\/\/kitnet.hu\/index.php?rest_route=\/wp\/v2\/users\/1"}],"replies":[{"embeddable":true,"href":"https:\/\/kitnet.hu\/index.php?rest_route=%2Fwp%2Fv2%2Fcomments&post=127"}],"version-history":[{"count":44,"href":"https:\/\/kitnet.hu\/index.php?rest_route=\/wp\/v2\/pages\/127\/revisions"}],"predecessor-version":[{"id":310,"href":"https:\/\/kitnet.hu\/index.php?rest_route=\/wp\/v2\/pages\/127\/revisions\/310"}],"wp:attachment":[{"href":"https:\/\/kitnet.hu\/index.php?rest_route=%2Fwp%2Fv2%2Fmedia&parent=127"}],"curies":[{"name":"wp","href":"https:\/\/api.w.org\/{rel}","templated":true}]}}